
32
Calculate the greatest common factor of 5560 and 80.
40
Calculate the greatest common factor of 26 and 5122.
26
What is the highest common divisor of 2170 and 775?
155
What is the greatest common divisor of 30 and 240?
30
Calculate the highest common factor of 21 and 1169.
7
What is the greatest common divisor of 1043 and 7?
7
What is the highest common factor of 35 and 20?
5
What is the highest common divisor of 10 and 745?
5
Calculate the greatest common divisor of 940 and 188.
188
What is the highest common divisor of 420 and 42?
42
Calculate the highest common factor of 14 and 98.
14
Calculate the highest common divisor of 39 and 30.
3
Calculate the highest common divisor of 32 and 11.
1
Calculate the highest common factor of 525 and 21.
21
Calculate the greatest common divisor of 275 and 75.
25
Calculate the highest common factor of 290 and 8.
2
Calculate the highest common divisor of 152 and 4.
4
What is the highest common divisor of 960 and 270?
30
What is the greatest common divisor of 3190 and 55?
55
What is the greatest common factor of 697 and 136?
17
Calculate the greatest common factor of 39 and 52.
13
What is the greatest common factor of 664 and 160?
8
Calculate the greatest common divisor of 49 and 3038.
49
What is the highest common factor of 1616 and 101?
101
Calculate the greatest common divisor of 33 and 1089.
33
What is the highest common divisor of 4563 and 189?
27
What is the greatest common divisor of 3 and 69?
3
What is the highest common factor of 4 and 2?
2
What is the greatest common divisor of 15 and 5385?
15
Calculate the greatest common factor of 16 and 1280.
16
What is the highest common divisor of 11 and 473?
11
Calculate the greatest common divisor of 603 and 36.
9
Calculate the greatest common factor of 69 and 10327.
23
What is the highest common divisor of 304 and 266?
38
Calculate the highest common factor of 19402 and 356.
178
What is the highest common divisor of 4480 and 105?
35
What is the greatest common factor of 6457 and 33?
11
Calculate the highest common factor of 24 and 5154.
6
What is the highest common factor of 24 and 4392?
24
What is the highest common divisor of 70 and 20?
10
Calculate the greatest common factor of 4 and 2.
2
What is the greatest common divisor of 7096 and 32?
8
Calculate the highest common factor of 256 and 1856.
64
Calculate the greatest common factor of 639 and 781.
71
What is the greatest common factor of 32 and 5728?
32
What is the greatest common factor of 5350 and 428?
214
Calculate the greatest common factor of 73 and 584.
73
What is the greatest common divisor of 280 and 5824?
56
What is the greatest common divisor of 56 and 280?
56
What is the highest common factor of 128 and 3616?
32
Calculate the highest common factor of 12 and 1884.
12
What is the highest common factor of 38 and 2?
2
What is the highest common factor of 2144 and 67?
67
Calculate the highest common divisor of 30 and 150.
30
Calculate the greatest common factor of 96 and 5604.
12
Calculate the highest common factor of 319 and 1243.
11
What is the greatest common factor of 48 and 1896?
24
Calculate the greatest common factor of 119 and 34.
17
What is the highest common factor of 11 and 14333?
11
Calculate the greatest common divisor of 64 and 16.
16
What is the greatest common divisor of 1156 and 204?
68
Calculate the highest common divisor of 15 and 5.
5
What is the highest common factor of 4080 and 544?
272
Calculate the highest common factor of 32 and 72.
8
Calculate the highest common divisor of 38 and 1292.
38
Calculate the greatest common divisor of 30192 and 144.
48
Calculate the greatest common factor of 13 and 5694.
13
What is the greatest common divisor of 135 and 2835?
135
What is the highest common divisor of 58 and 4814?
58
What is the highest common divisor of 196 and 532?
28
Calculate the highest common factor of 87 and 14529.
87
Calculate the highest common factor of 10 and 6.
2
What is the greatest common divisor of 12596 and 94?
94
What is the greatest common divisor of 341 and 62?
31
What is the highest common divisor of 2471 and 353?
353
What is the greatest common divisor of 45 and 1245?
15
Calculate the highest common factor of 26 and 403.
13
What is the greatest common factor of 84 and 3780?
84
Calculate the highest common factor of 708 and 6608.
236
Calculate the highest common factor of 20 and 108.
4
What is the highest common divisor of 212 and 5300?
212
Calculate the greatest common divisor of 2556 and 72.
36
Calculate the highest common divisor of 90 and 2610.
90
Calculate the highest common divisor of 450 and 700.
50
Calculate the highest common factor of 138 and 782.
46
What is the greatest common factor of 30 and 10?
10
Calculate the greatest common factor of 759 and 23.
23
Calculate the highest common factor of 1296 and 624.
48
Calculate the highest common divisor of 6517 and 171.
19
What is the greatest common factor of 11 and 14201?
11
What is the highest common factor of 2577 and 4?
1
Calculate the greatest common factor of 128 and 864.
32
Calculate the greatest common divisor of 112 and 126.
14
Calculate the greatest common divisor of 287 and 35.
7
What is the greatest common divisor of 355 and 4118?
71
Calculate the greatest common factor of 51 and 6.
3
Calculate the greatest common factor of 58 and 725.
29
What is the highest common divisor of 136 and 56?
8
What is the greatest common divisor of 173 and 76639?
173
Calculate the greatest common factor of 5622 and 12.
6
Calculate the highest common divisor of 360 and 288.
72
What is the highest common factor of 51214 and 58?
58
What is the greatest common factor of 15 and 50?
5
Calculate the greatest common divisor of 448 and 56.
56
What is the highest common divisor of 168 and 63?
21
Calculate the highest common factor of 467 and 3.
1
Calculate the highest common divisor of 94 and 517.
47
What is the highest common divisor of 289 and 68?
17
Calculate the greatest common factor of 2 and 967.
1
What is the highest common divisor of 122 and 3294?
122
Calculate the greatest common divisor of 20 and 16.
4
Calculate the greatest common divisor of 1000 and 1.
1
Calculate the highest common factor of 15 and 81.
3
What is the highest common divisor of 23 and 1127?
23
What is the greatest common divisor of 91 and 77?
7
What is the highest common divisor of 157 and 5024?
157
Calculate the highest common divisor of 55 and 11.
11
What is the highest common factor of 38 and 76?
38
Calculate the greatest common divisor of 410 and 369.
41
What is the greatest common factor of 321 and 6?
3
Calculate the highest common divisor of 187 and 44.
11
What is the greatest common factor of 16 and 240?
16
Calculate the highest common divisor of 447 and 6109.
149
Calculate the highest common divisor of 56 and 266.
14
What is the highest common divisor of 520 and 26416?
104
Calculate the greatest common divisor of 490 and 190.
10
Calculate the greatest common factor of 96 and 1312.
32
Calculate the highest common factor of 8 and 100.
4
Calculate the greatest common divisor of 19482 and 1528.
382
What is the highest common factor of 5593 and 119?
119
What is the highest common factor of 247 and 923?
13
Calculate the highest common factor of 65 and 12545.
65
Calculate the highest common divisor of 3198 and 39.
39
What is the greatest common factor of 125 and 35?
5
Calculate the highest common divisor of 144 and 2076.
12
Calculate the highest common factor of 323 and 494.
19
What is the greatest common divisor of 820 and 20?
20
Calculate the greatest common divisor of 30 and 380.
10
Calculate the greatest common divisor of 8120 and 35.
35
What is the greatest common divisor of 301 and 3870?
43
What is the greatest common divisor of 182 and 42?
14
What is the highest common divisor of 4 and 2?
2
What is the greatest common divisor of 3 and 12?
3
Calculate the greatest common factor of 1020 and 636.
12
Calculate the greatest common factor of 60 and 160.
20
What is the greatest common divisor of 15042 and 6?
6
What is the highest common divisor of 33 and 6?
3
What is the highest common divisor of 49 and 35?
7
What is the greatest common factor of 6 and 606?
6
Calculate the greatest common factor of 748 and 2068.
44
What is the greatest co